{"id":12,"date":"2017-07-19T12:50:56","date_gmt":"2017-07-19T12:50:56","guid":{"rendered":"https:\/\/lab.research.sickkids.ca\/qbict-fr\/?page_id=12"},"modified":"2017-07-19T20:21:59","modified_gmt":"2017-07-19T20:21:59","slug":"accueil","status":"publish","type":"page","link":"https:\/\/lab.research.sickkids.ca\/qbict-fr\/","title":{"rendered":"Accueil"},"content":{"rendered":"<div class=\"wpb-content-wrapper\"><p>[vc_row][vc_column][vc_column_text]<strong>QLct<\/strong> est l\u2019abr\u00e9viation utilis\u00e9e pour l\u2019outil \u2018<strong>Q<\/strong>uantification des <strong>l<\/strong>\u00e9sions sur <strong>t<\/strong>omographie <strong>c<\/strong>\u00e9r\u00e9brale.&#8217;<\/p>\n<p><strong>Le probl\u00e8me:\u00a0<\/strong>Le trauma cr\u00e2nien est la cause la plus fr\u00e9quente de d\u00e9c\u00e8s et de morbidit\u00e9 s\u00e9v\u00e8re chez les Canadiens \u00e2g\u00e9s en bas de 18 ans. Les enfants hospitalises avec une d\u00e9t\u00e9rioration de leur \u00e9tat d\u2019\u00e9veil (ou de conscience) apr\u00e8s un trauma cr\u00e2nien ont besoin de soins aigus. Leur traitement (ou leur prise en charge) est d\u00e9termin\u00e9 par le type et la s\u00e9v\u00e9rit\u00e9 des l\u00e9sions c\u00e9r\u00e9brales. Il n\u2019y a pas pr\u00e9sentement de fa\u00e7on syst\u00e9matique d\u2019\u00e9valuer leur trauma cr\u00e2nien sur les images acquises pour leur traitement imm\u00e9diat. Malheureusement, l\u2019anamn\u00e8se et l\u2019examen clinique sont souvent incomplet ou peu fiable dans les pendant la p\u00e9riode si cruciale des premi\u00e8res heures apr\u00e8s le trauma.<\/p>\n<p><strong>La solution:\u00a0<\/strong>Nous avons d\u00e9velopp\u00e9 un outil pour quantifier les l\u00e9sions c\u00e9r\u00e9brales sur la tomographie c\u00e9r\u00e9brale standard. L\u2019outil utilise une approche qui combine un outil informatique qui permet de d\u00e9celer des d\u00e9tails difficiles \u00e0 mesurer a l\u2019\u0153il nu et une \u00e9chelle descriptive des l\u00e9sions c\u00e9r\u00e9brales. Nous voulons \u00e9valuer la capacit\u00e9 d\u00e9tection de l\u2019outil en mileu clinique. Nous croyons que cet outil aura un impact significatif pour am\u00e9liorer le traitement aigu du trauma cr\u00e2nien chez l\u2019enfant.<\/p>\n<p><a href=\"https:\/\/lab.research.sickkids.ca\/qbict-fr\/wp-content\/uploads\/sites\/50\/2017\/07\/QBIct-Website-Download-French.pdf\">Ici pour imprimer<\/a>[\/vc_column_text][\/vc_column][\/vc_row]<\/p>\n<\/div>","protected":false},"excerpt":{"rendered":"<p>[vc_row][vc_column][vc_column_text]QLct est l\u2019abr\u00e9viation utilis\u00e9e pour l\u2019outil \u2018Quantification des l\u00e9sions sur tomographie c\u00e9r\u00e9brale.&#8217; Le probl\u00e8me:\u00a0Le trauma cr\u00e2nien est la cause la plus fr\u00e9quente de d\u00e9c\u00e8s et de morbidit\u00e9 s\u00e9v\u00e8re chez les Canadiens \u00e2g\u00e9s en bas de 18 ans. Les enfants hospitalises avec une d\u00e9t\u00e9rioration de leur \u00e9tat d\u2019\u00e9veil (ou de conscience) apr\u00e8s un trauma cr\u00e2nien ont&hellip;<\/p>\n","protected":false},"author":23,"featured_media":0,"parent":0,"menu_order":0,"comment_status":"closed","ping_status":"closed","template":"","meta":{"footnotes":""},"class_list":["post-12","page","type-page","status-publish","hentry","description-off"],"yoast_head":"<!-- This site is optimized with the Yoast SEO Premium plugin v27.0 (Yoast SEO v27.0) - https:\/\/yoast.com\/product\/yoast-seo-premium-wordpress\/ -->\n<title>Accueil - Quantification des l\u00e9sions c\u00e9r\u00e9brales sur la tomodensitom\u00e9trie<\/title>\n<meta name=\"robots\" content=\"index, follow, max-snippet:-1, max-image-preview:large, max-video-preview:-1\" \/>\n<link rel=\"canonical\" href=\"https:\/\/lab.research.sickkids.ca\/qbict-fr\/\" \/>\n<meta property=\"og:locale\" content=\"en_US\" \/>\n<meta property=\"og:type\" content=\"article\" \/>\n<meta property=\"og:title\" content=\"Accueil\" \/>\n<meta property=\"og:description\" content=\"[vc_row][vc_column][vc_column_text]QLct est l\u2019abr\u00e9viation utilis\u00e9e pour l\u2019outil \u2018Quantification des l\u00e9sions sur tomographie c\u00e9r\u00e9brale.&#8217; Le probl\u00e8me:\u00a0Le trauma cr\u00e2nien est la cause la plus fr\u00e9quente de d\u00e9c\u00e8s et de morbidit\u00e9 s\u00e9v\u00e8re chez les Canadiens \u00e2g\u00e9s en bas de 18 ans. Les enfants hospitalises avec une d\u00e9t\u00e9rioration de leur \u00e9tat d\u2019\u00e9veil (ou de conscience) apr\u00e8s un trauma cr\u00e2nien ont&hellip;\" \/>\n<meta property=\"og:url\" content=\"https:\/\/lab.research.sickkids.ca\/qbict-fr\/\" \/>\n<meta property=\"og:site_name\" content=\"Quantification des l\u00e9sions c\u00e9r\u00e9brales sur la tomodensitom\u00e9trie\" \/>\n<meta property=\"article:modified_time\" content=\"2017-07-19T20:21:59+00:00\" \/>\n<meta name=\"twitter:card\" content=\"summary_large_image\" \/>\n<meta name=\"twitter:label1\" content=\"Est. reading time\" \/>\n\t<meta name=\"twitter:data1\" content=\"1 minute\" \/>\n<script type=\"application\/ld+json\" class=\"yoast-schema-graph\">{\"@context\":\"https:\/\/schema.org\",\"@graph\":[{\"@type\":\"WebPage\",\"@id\":\"https:\/\/lab.research.sickkids.ca\/qbict-fr\/\",\"url\":\"https:\/\/lab.research.sickkids.ca\/qbict-fr\/\",\"name\":\"Accueil - Quantification des l\u00e9sions c\u00e9r\u00e9brales sur la tomodensitom\u00e9trie\",\"isPartOf\":{\"@id\":\"https:\/\/lab.research.sickkids.ca\/qbict-fr\/#website\"},\"datePublished\":\"2017-07-19T12:50:56+00:00\",\"dateModified\":\"2017-07-19T20:21:59+00:00\",\"breadcrumb\":{\"@id\":\"https:\/\/lab.research.sickkids.ca\/qbict-fr\/#breadcrumb\"},\"inLanguage\":\"en-US\",\"potentialAction\":[{\"@type\":\"ReadAction\",\"target\":[\"https:\/\/lab.research.sickkids.ca\/qbict-fr\/\"]}]},{\"@type\":\"BreadcrumbList\",\"@id\":\"https:\/\/lab.research.sickkids.ca\/qbict-fr\/#breadcrumb\",\"itemListElement\":[{\"@type\":\"ListItem\",\"position\":1,\"name\":\"Home\",\"item\":\"https:\/\/lab.research.sickkids.ca\/qbict-fr\/\"},{\"@type\":\"ListItem\",\"position\":2,\"name\":\"Accueil\"}]},{\"@type\":\"WebSite\",\"@id\":\"https:\/\/lab.research.sickkids.ca\/qbict-fr\/#website\",\"url\":\"https:\/\/lab.research.sickkids.ca\/qbict-fr\/\",\"name\":\"Quantification des l\u00e9sions c\u00e9r\u00e9brales sur la tomodensitom\u00e9trie\",\"description\":\"\",\"potentialAction\":[{\"@type\":\"SearchAction\",\"target\":{\"@type\":\"EntryPoint\",\"urlTemplate\":\"https:\/\/lab.research.sickkids.ca\/qbict-fr\/?s={search_term_string}\"},\"query-input\":{\"@type\":\"PropertyValueSpecification\",\"valueRequired\":true,\"valueName\":\"search_term_string\"}}],\"inLanguage\":\"en-US\"}]}<\/script>\n<!-- \/ Yoast SEO Premium plugin. -->","yoast_head_json":{"title":"Accueil - Quantification des l\u00e9sions c\u00e9r\u00e9brales sur la tomodensitom\u00e9trie","robots":{"index":"index","follow":"follow","max-snippet":"max-snippet:-1","max-image-preview":"max-image-preview:large","max-video-preview":"max-video-preview:-1"},"canonical":"https:\/\/lab.research.sickkids.ca\/qbict-fr\/","og_locale":"en_US","og_type":"article","og_title":"Accueil","og_description":"[vc_row][vc_column][vc_column_text]QLct est l\u2019abr\u00e9viation utilis\u00e9e pour l\u2019outil \u2018Quantification des l\u00e9sions sur tomographie c\u00e9r\u00e9brale.&#8217; Le probl\u00e8me:\u00a0Le trauma cr\u00e2nien est la cause la plus fr\u00e9quente de d\u00e9c\u00e8s et de morbidit\u00e9 s\u00e9v\u00e8re chez les Canadiens \u00e2g\u00e9s en bas de 18 ans. Les enfants hospitalises avec une d\u00e9t\u00e9rioration de leur \u00e9tat d\u2019\u00e9veil (ou de conscience) apr\u00e8s un trauma cr\u00e2nien ont&hellip;","og_url":"https:\/\/lab.research.sickkids.ca\/qbict-fr\/","og_site_name":"Quantification des l\u00e9sions c\u00e9r\u00e9brales sur la tomodensitom\u00e9trie","article_modified_time":"2017-07-19T20:21:59+00:00","twitter_card":"summary_large_image","twitter_misc":{"Est. reading time":"1 minute"},"schema":{"@context":"https:\/\/schema.org","@graph":[{"@type":"WebPage","@id":"https:\/\/lab.research.sickkids.ca\/qbict-fr\/","url":"https:\/\/lab.research.sickkids.ca\/qbict-fr\/","name":"Accueil - Quantification des l\u00e9sions c\u00e9r\u00e9brales sur la tomodensitom\u00e9trie","isPartOf":{"@id":"https:\/\/lab.research.sickkids.ca\/qbict-fr\/#website"},"datePublished":"2017-07-19T12:50:56+00:00","dateModified":"2017-07-19T20:21:59+00:00","breadcrumb":{"@id":"https:\/\/lab.research.sickkids.ca\/qbict-fr\/#breadcrumb"},"inLanguage":"en-US","potentialAction":[{"@type":"ReadAction","target":["https:\/\/lab.research.sickkids.ca\/qbict-fr\/"]}]},{"@type":"BreadcrumbList","@id":"https:\/\/lab.research.sickkids.ca\/qbict-fr\/#breadcrumb","itemListElement":[{"@type":"ListItem","position":1,"name":"Home","item":"https:\/\/lab.research.sickkids.ca\/qbict-fr\/"},{"@type":"ListItem","position":2,"name":"Accueil"}]},{"@type":"WebSite","@id":"https:\/\/lab.research.sickkids.ca\/qbict-fr\/#website","url":"https:\/\/lab.research.sickkids.ca\/qbict-fr\/","name":"Quantification des l\u00e9sions c\u00e9r\u00e9brales sur la tomodensitom\u00e9trie","description":"","potentialAction":[{"@type":"SearchAction","target":{"@type":"EntryPoint","urlTemplate":"https:\/\/lab.research.sickkids.ca\/qbict-fr\/?s={search_term_string}"},"query-input":{"@type":"PropertyValueSpecification","valueRequired":true,"valueName":"search_term_string"}}],"inLanguage":"en-US"}]}},"_links":{"self":[{"href":"https:\/\/lab.research.sickkids.ca\/qbict-fr\/wp-json\/wp\/v2\/pages\/12","targetHints":{"allow":["GET"]}}],"collection":[{"href":"https:\/\/lab.research.sickkids.ca\/qbict-fr\/wp-json\/wp\/v2\/pages"}],"about":[{"href":"https:\/\/lab.research.sickkids.ca\/qbict-fr\/wp-json\/wp\/v2\/types\/page"}],"author":[{"embeddable":true,"href":"https:\/\/lab.research.sickkids.ca\/qbict-fr\/wp-json\/wp\/v2\/users\/23"}],"replies":[{"embeddable":true,"href":"https:\/\/lab.research.sickkids.ca\/qbict-fr\/wp-json\/wp\/v2\/comments?post=12"}],"version-history":[{"count":0,"href":"https:\/\/lab.research.sickkids.ca\/qbict-fr\/wp-json\/wp\/v2\/pages\/12\/revisions"}],"wp:attachment":[{"href":"https:\/\/lab.research.sickkids.ca\/qbict-fr\/wp-json\/wp\/v2\/media?parent=12"}],"curies":[{"name":"wp","href":"https:\/\/api.w.org\/{rel}","templated":true}]}}